11. Suppose 4*u + u = -3*o - l, -4*o = -u + 1059. What are the prime factors of o/(-9)*(-9)/(-6)?
2, 11
Let n(j) = -6*j**3 - 3*j**2 - 2*j. Suppose 2 = p - 2*p. List the prime factors of n(p).
2, 5
Suppose 30 + 36 = 3*g - 3*w, 5*g = -3*w + 110. Let z be 4/3 - (-8)/(-6). Suppose 2*c - 23 = -m, -g = -m - c - z*c. List the prime factors of m.
3, 7
Let i = 1614 - 205. List the prime factors of i.
1409
Let r(q) = -q**3 + 7*q**2 + 4*q + 2305. What are the prime factors of r(0)?
5, 461
Suppose j + 5*i + 80 = 0, 2*j + 184 = 3*i - i. List the prime factors of (12/10)/((-2)/j*6).
3
Suppose -17*x = 18*x - 26250. What are the prime factors of x?
2, 3, 5
Let m(w) = w**3 - 6*w**2 - 8*w + 9. Let u be m(7). Suppose -4*a + 0*a + 65 = -3*l, u*a - 90 = 4*l. Let b = l + 49. What are the prime factors of b?
2, 13
Suppose -8*n - 5 = -21. Suppose -4*j - 4*a = -848, -4 = -3*a + n. What are the prime factors of j?
2, 3, 5, 7
Let t = -379 - -705. List the prime factors of t.
2, 163
Let y = 413 + 204. List the prime factors of y.
617
Let h(l) be the third derivative of -l**6/120 + 7*l**5/60 + l**4/8 + 7*l**3/6 - 5*l**2. Let y be h(7). Suppose -2*z + y = 2*z. What are the prime factors of z?
7
Suppose 0 = 12*y - 7*y - 2575. Let l = y + -337. List the prime factors of l.
2, 89
Let g = -216 - -58. Let k = 13 - g. List the prime factors of k.
3, 19
Suppose -3*i - 3*y + 102 = 0, -3*i - 2*i + 194 = -y. Suppose 130 + i = u. What are the prime factors of u?
2, 3, 7
Let l = -67 + -108. Let c = l - -332. What are the prime factors of c?
157
Suppose 0 = -10*u + 5*u - 20. List the prime factors of (-6)/(-12)*-1 + (-1154)/u.
2, 3
Suppose 7*p - 6*p - 2 = 0. Suppose 35 + 1 = p*v. Suppose -5*w = v - 183. List the prime factors of w.
3, 11
What are the prime factors of 30146/10 + 208/(-130)?
23, 131
Let d = 1409 - 962. What are the prime factors of d?
3, 149
Let n(d) = 4*d**3 - 4*d**2 - 7*d - 10. Let f(v) = 20*v**3 - 20*v**2 - 35*v - 51. Let o(h) = 2*f(h) - 11*n(h). What are the prime factors of o(-4)?
2, 3, 5
Suppose 5*v - 1 - 9 = 0. Suppose -v*i = -233 - 15. List the prime factors of i.
2, 31
Let h = 99 - 57. Suppose -3*g + 3 = -h. List the prime factors of g.
3, 5
Suppose 6*k - 143 - 1831 = 0. List the prime factors of k.
7, 47
Let q(a) = -a + 11. Suppose -7*m + 10 = -5*m. What are the prime factors of q(m)?
2, 3
Suppose -2*h + 22 = 2*f + 2*h, -11 = -5*f + h. Let o = f - 3. Suppose 3*b - 5*v - 177 = o, 9*v - 295 = -5*b + 4*v. What are the prime factors of b?
59
Suppose -4*r + 4*j - 18 = -2, -2*j = 3*r - 3. List the prime factors of ((-299)/(-52))/(r/(-12)).
3, 23
Let u be (-1)/(-2)*(-11 - -3). Let k(d) = -71*d - 49. List the prime factors of k(u).
5, 47
Suppose -10 = -4*m + 6. Suppose -2*p + m*a = -4, 2*p = -p - 3*a - 12. What are the prime factors of 69/p*2/(-3)?
23
Let j = 6193 + -3113. List the prime factors of j.
2, 5, 7, 11
Let k(r) = 40*r**2 - 15*r + 16. List the prime factors of k(8).
2, 307
Suppose 34*l = 78663 + 2087. What are the prime factors of l?
5, 19
Let j = -31 - -18. Let r = j - -20. List the prime factors of 1*22 - (10 - r).
19
Let a be 9*((-2)/1 - 6/(-2)). Suppose 528 = 13*r - a*r. What are the prime factors of r?
2, 3, 11
Let i = -3824 + 8098. What are the prime factors of i?
2, 2137
Suppose 0 = 3*w + 5*i - 986, 2*w - 3*w = -5*i - 342. List the prime factors of w.
2, 83
Suppose d = 3*d. Suppose d = -3*i + 2*i. Suppose 0 = a - 2*w + 5 - 30, 5*a + 5*w - 110 = i. List the prime factors of a.
23
List the prime factors of 544 - 6/(5 - (-21)/(-6)).
2, 3, 5
Suppose a - 460 = 4*f, 3*a - 4*f - 1246 - 158 = 0. List the prime factors of a.
2, 59
Let n(x) = 2*x - x - 2*x**2 - x - x**3. Let q be n(2). Let m = 24 + q. List the prime factors of m.
2
Let u be (47/4 - 2)/(4/(-16)). List the prime factors of -1 - (-1534)/u*3*-1.
3, 13
Let i = 2 + -7. List the prime factors of 37 - i/((-10)/6).
2, 17
Suppose -b + 222 + 873 = 2*i, b + 4*i - 1085 = 0. Suppose 1364 = 5*a - p - p, -3*p + b = 4*a. Suppose -15 = 7*q - a. List the prime factors of q.
37
Let g = -59 + -15. Let u = g + 184. What are the prime factors of u?
2, 5, 11
Suppose 2*h - 2894 = -f - h, 5*h = 3*f - 8654. What are the prime factors of f?
2, 19
Let w(a) = 2*a + 16. Let c be w(-15). Let d = 12 + c. List the prime factors of 7/((-7)/d) - -20.
2, 11
Let z = 1606 - 654. What are the prime factors of z?
2, 7, 17
Suppose 0 = -2*n - 4*f + 1334, 60*n = 59*n - 3*f + 669. List the prime factors of n.
3, 13, 17
Suppose 4070 = -177*s + 182*s. What are the prime factors of s?
2, 11, 37
Let z = 29 - 27. Suppose z*i - 4*n = -2*n + 42, 0 = -3*i - 5*n + 23. Suppose -i = -4*f + 80. List the prime factors of f.
2, 3
Let l(z) = 2*z**2 + 1. Let h(s) = -2*s**2 - s - 2. Suppose 3*u = -3*o + 6, 2*o - 2*u - 22 = 2*u. Let i(n) = o*h(n) + 6*l(n). What are the prime factors of i(4)?
2
Let z be 20/(-70) + 66/(-14). List the prime factors of 2/z - ((-1568)/20 + -4).
2, 41
Let p(q) = 6 + 0 + 58*q + 1 - 1. List the prime factors of p(1).
2
Let o be (-816)/(-40)*190/4. Suppose -o = -6*w + 411. What are the prime factors of w?
2, 5, 23
Let d(j) = 15*j**3 + 21*j**2 + 6*j + 1. List the prime factors of d(5).
11, 13, 17
Suppose -565*m = -573*m + 11704. What are the prime factors of m?
7, 11, 19
Let p = 37 - 36. List the prime factors of (196/(-112))/(p/(-112 - 0)).
2, 7
Suppose 3*k = 5*j - 9 - 4, -4*j + 4 = -4*k. Let y be ((-24)/k)/2 + 11. Suppose y*c - 3*c = 195. List the prime factors of c.
3, 13
Let n be (-10)/(-3) + (-4)/12. Let v be (2/5)/((2 - -3)/25). Suppose 0 = 4*y + v*d - 124, 3*d = n*y - d - 104. What are the prime factors of y?
2
Let t = 8 - 6. Let z be (1 - 8)/(t/(-18)). Let g = z - 36. List the prime factors of g.
3
Suppose -2*k = -2*a - 64, 2*k - 72*a - 61 = -69*a. List the prime factors of k.
5, 7
Suppose -24080 = -460*r + 440*r. List the prime factors of r.
2, 7, 43
Suppose m + 6*m = 14. Suppose 0 = -s + 3, 2*q + m*q = -s + 975. List the prime factors of q.
3
What are the prime factors of (-2)/(-8) - 5322/(-24)?
2, 3, 37
Let a = 155 - 245. Let s = 126 + a. List the prime factors of 1*(-6)/(-9)*s.
2, 3
Suppose -4941 - 1395 = -33*h. List the prime factors of h.
2, 3
Let b = -23 + 34. Suppose 4*l - b = 1. Suppose -l*v - 48 = -6*v. What are the prime factors of v?
2
Let f = -1081 + 1653. List the prime factors of f.
2, 11, 13
Let q(d) = -d**3 - 14*d**2 + 12*d - 11. Let l = -12 - -19. Suppose 6*i - 15 = l*i. List the prime factors of q(i).
2, 17
Suppose f - b - 1006 = -182, 0 = -f - 2*b + 809. What are the prime factors of f?
3, 7, 13
Suppose 35 = d + 6*d. Suppose 5*s - 443 = c, -d*s + 371 = -5*c - 64. What are the prime factors of s?
89
Let i(o) = -o**2 + 2*o. Let r be i(6). Let a = r + 56. Suppose -182 = -5*t - a. List the prime factors of t.
2, 3, 5
Let k(m) = 8*m + 4. Let d be k(3). Let g be -5 + (-60)/18*18/(-15). Let t = d + g. What are the prime factors of t?
3
What are the prime factors of (-3)/2*(-9)/((-54)/(-2292))?
3, 191
Let m(c) = c**3 + 13*c**2 + c - 13. Let p be m(-12). Suppose -4*a = 5*h - a + 297, -a - p = 2*h. What are the prime factors of (66/5)/((-12)/h)?
2, 3, 11
Suppose 119 = s - g, -32*s + 358 = -29*s - 4*g. What are the prime factors of s?
2, 59
Let a = 362 - 247. Suppose u + 4*o = -2*u + 176, 2*u - a = -5*o. List the prime factors of u.
2, 3, 5
Suppose -n + 5*r = 24, 0 = -4*n + 2*r - 21 - 3. List the prime factors of 1 + n + -1 - -6.
2
Suppose f + 5*f = 42. Suppose 612 = f*q + 199. List the prime factors of q.
59
Suppose -n + 21 = 4*t - 16, 4*t - 28 = -4*n. List the prime factors of (t - 80)/(2/(-2)).
2, 5, 7
Suppose -4 + 10 = -3*m. Let f be (3 - 5)*m/(-4). What are the prime factors of -8 - -4 - 29*f?
5
Let p(x) = 2*x**2 - x - 3. Let m be p(-2). What are the prime factors of 2/m - 7370/(-77)?
2, 3
Let o(m) = -25*m**3 - 7*m**2 - 11*m - 2. What are the prime factors of o(-3)?
643
Let q(v) = 1223*v**3 + 2*v**2 + 4*v - 5. List the prime factors of q(1).
2, 3, 17
Suppose -2168 - 397 = -9*y. Suppose -34*i + y = -31*i. What are the prime factors of i?
5, 19
Let d = -556 - -1006. Suppose 300 + d = 5*m + 3*a, 2*m - 4*a = 274. List the prime factors of m.
3, 7
Let m = 8291 - 5603. List the prime factors of m.
2, 3, 7
Let u = -62 + 64. List the prime factors of (u + -2 - 0) + -1 - -180.
179
Let q be 152/11 + (-2)/(-11). Suppo